{"id":542,"date":"2019-04-22T08:55:06","date_gmt":"2019-04-22T06:55:06","guid":{"rendered":"http:\/\/www.panoramapanzio.ro\/?page_id=542"},"modified":"2019-04-22T08:58:38","modified_gmt":"2019-04-22T06:58:38","slug":"politica-de-utilizare-cookies","status":"publish","type":"page","link":"https:\/\/www.panoramapanzio.ro\/index.php\/ro\/politica-de-utilizare-cookies\/","title":{"rendered":"Politica de utilizare Cookies"},"content":{"rendered":"<p>Un cookie HTTP sau un modul cookie este un text special, deseori codificat, trimis de un server unui navigator web \u0219i apoi trimis \u00eenapoi (nemodificat) de c\u0103tre navigator, de fiecare dat\u0103 c\u00e2nd acceseaz\u0103 acel server. Cookie-urile sunt folosite pentru autentificare precum \u0219i pentru urm\u0103rirea comportamentului utilizatorilor; aplica\u021bii tipice sunt re\u021binerea preferin\u021belor utilizatorilor \u0219i implementarea sistemului de \u201eco\u0219 de cump\u0103r\u0103turi\u201d.<\/p>\n<p>Este complet \u201cpasiv\u201d (nu con\u021bine programe software, viru\u0219i sau spyware \u0219i nu poate accesa informa\u021biile de pe hard-disk-ul utilizatorului.<\/p>\n<p>&nbsp;<\/p>\n<p>Pe site-ul www.panoramapanzio.ro se folosesc urm\u0103toarele tipuri de cookie-uri:<\/p>\n<ul>\n<li><strong>Session cookies <\/strong>Acestea v\u0103 permit s\u0103 folosi\u021bi func\u021bionalit\u0103\u021bi esen\u021biale ale site-ului precum stocarea informa\u021biilor dintr-un formular completat de dvs. Nu sunt stocate \u00een calculatorul dvs. \u0219i vor expira c\u00e2nd \u00eenchide\u021bi browserul.<\/li>\n<\/ul>\n<ul>\n<li><strong>Cum pot opri cookie-urile? <\/strong>Utilizatorii \u00ee\u0219i pot configura browserul s\u0103 resping\u0103 fi\u0219ierele cookie. Dezactivarea \u0219i refuzul de a primi cookie-uri pot face anumite sec\u021biuni \/ pagini impracticabile sau dificil de vizitat \u0219i folosit Mai multe informa\u021bii despre cookie-uri pute\u021bi g\u0103si pe site-ul <a href=\"http:\/\/www.allaboutcookies.org\" target=\"_blank\" rel=\"noopener noreferrer\">www.allaboutcookies.org<\/a> sau <a href=\"http:\/\/www.youronlinechoices.com\/ro\" target=\"_blank\" rel=\"noopener noreferrer\">http:\/\/www.youronlinechoices.com\/ro<\/a>.<\/li>\n<\/ul>\n","protected":false},"excerpt":{"rendered":"<p>Un cookie HTTP sau un modul cookie este un text special, deseori codificat, trimis de un server unui navigator web \u0219i apoi trimis \u00eenapoi (nemodificat) de c\u0103tre navigator, de fiecare dat\u0103 c\u00e2nd acceseaz\u0103 acel server. Cookie-urile sunt folosite pentru autentificare precum \u0219i pentru urm\u0103rirea comportamentului utilizatorilor; aplica\u021bii tipice sunt re\u021binerea preferin\u021belor utilizatorilor \u0219i implementarea sistemului [&hellip;]<\/p>\n","protected":false},"author":1,"featured_media":0,"parent":0,"menu_order":0,"comment_status":"closed","ping_status":"closed","template":"","meta":{"footnotes":""},"class_list":["post-542","page","type-page","status-publish","hentry"],"yoast_head":"<!-- This site is optimized with the Yoast SEO plugin v25.9 - https:\/\/yoast.com\/wordpress\/plugins\/seo\/ -->\n<title>Politica de utilizare Cookies - Panor\u00e1ma Panzi\u00f3<\/title>\n<meta name=\"robots\" content=\"index, follow, max-snippet:-1, max-image-preview:large, max-video-preview:-1\" \/>\n<link rel=\"canonical\" href=\"https:\/\/www.panoramapanzio.ro\/index.php\/ro\/politica-de-utilizare-cookies\/\" \/>\n<meta property=\"og:locale\" content=\"hu_HU\" \/>\n<meta property=\"og:type\" content=\"article\" \/>\n<meta property=\"og:title\" content=\"Politica de utilizare Cookies - Panor\u00e1ma Panzi\u00f3\" \/>\n<meta property=\"og:description\" content=\"Un cookie HTTP sau un modul cookie este un text special, deseori codificat, trimis de un server unui navigator web \u0219i apoi trimis \u00eenapoi (nemodificat) de c\u0103tre navigator, de fiecare dat\u0103 c\u00e2nd acceseaz\u0103 acel server. Cookie-urile sunt folosite pentru autentificare precum \u0219i pentru urm\u0103rirea comportamentului utilizatorilor; aplica\u021bii tipice sunt re\u021binerea preferin\u021belor utilizatorilor \u0219i implementarea sistemului [&hellip;]\" \/>\n<meta property=\"og:url\" content=\"https:\/\/www.panoramapanzio.ro\/index.php\/ro\/politica-de-utilizare-cookies\/\" \/>\n<meta property=\"og:site_name\" content=\"Panor\u00e1ma Panzi\u00f3\" \/>\n<meta property=\"article:modified_time\" content=\"2019-04-22T06:58:38+00:00\" \/>\n<meta name=\"twitter:card\" content=\"summary_large_image\" \/>\n<meta name=\"twitter:label1\" content=\"Becs\u00fclt olvas\u00e1si id\u0151\" \/>\n\t<meta name=\"twitter:data1\" content=\"1 perc\" \/>\n<script type=\"application\/ld+json\" class=\"yoast-schema-graph\">{\"@context\":\"https:\/\/schema.org\",\"@graph\":[{\"@type\":\"WebPage\",\"@id\":\"https:\/\/www.panoramapanzio.ro\/index.php\/ro\/politica-de-utilizare-cookies\/\",\"url\":\"https:\/\/www.panoramapanzio.ro\/index.php\/ro\/politica-de-utilizare-cookies\/\",\"name\":\"Politica de utilizare Cookies - Panor\u00e1ma Panzi\u00f3\",\"isPartOf\":{\"@id\":\"https:\/\/www.panoramapanzio.ro\/#website\"},\"datePublished\":\"2019-04-22T06:55:06+00:00\",\"dateModified\":\"2019-04-22T06:58:38+00:00\",\"breadcrumb\":{\"@id\":\"https:\/\/www.panoramapanzio.ro\/index.php\/ro\/politica-de-utilizare-cookies\/#breadcrumb\"},\"inLanguage\":\"hu\",\"potentialAction\":[{\"@type\":\"ReadAction\",\"target\":[\"https:\/\/www.panoramapanzio.ro\/index.php\/ro\/politica-de-utilizare-cookies\/\"]}]},{\"@type\":\"BreadcrumbList\",\"@id\":\"https:\/\/www.panoramapanzio.ro\/index.php\/ro\/politica-de-utilizare-cookies\/#breadcrumb\",\"itemListElement\":[{\"@type\":\"ListItem\",\"position\":1,\"name\":\"Home\",\"item\":\"https:\/\/www.panoramapanzio.ro\/index.php\/en\/home\/\"},{\"@type\":\"ListItem\",\"position\":2,\"name\":\"Politica de utilizare Cookies\"}]},{\"@type\":\"WebSite\",\"@id\":\"https:\/\/www.panoramapanzio.ro\/#website\",\"url\":\"https:\/\/www.panoramapanzio.ro\/\",\"name\":\"Panor\u00e1ma Panzi\u00f3\",\"description\":\"Confort &amp; Relaxation\",\"potentialAction\":[{\"@type\":\"SearchAction\",\"target\":{\"@type\":\"EntryPoint\",\"urlTemplate\":\"https:\/\/www.panoramapanzio.ro\/?s={search_term_string}\"},\"query-input\":{\"@type\":\"PropertyValueSpecification\",\"valueRequired\":true,\"valueName\":\"search_term_string\"}}],\"inLanguage\":\"hu\"}]}<\/script>\n<!-- \/ Yoast SEO plugin. -->","yoast_head_json":{"title":"Politica de utilizare Cookies - Panor\u00e1ma Panzi\u00f3","robots":{"index":"index","follow":"follow","max-snippet":"max-snippet:-1","max-image-preview":"max-image-preview:large","max-video-preview":"max-video-preview:-1"},"canonical":"https:\/\/www.panoramapanzio.ro\/index.php\/ro\/politica-de-utilizare-cookies\/","og_locale":"hu_HU","og_type":"article","og_title":"Politica de utilizare Cookies - Panor\u00e1ma Panzi\u00f3","og_description":"Un cookie HTTP sau un modul cookie este un text special, deseori codificat, trimis de un server unui navigator web \u0219i apoi trimis \u00eenapoi (nemodificat) de c\u0103tre navigator, de fiecare dat\u0103 c\u00e2nd acceseaz\u0103 acel server. Cookie-urile sunt folosite pentru autentificare precum \u0219i pentru urm\u0103rirea comportamentului utilizatorilor; aplica\u021bii tipice sunt re\u021binerea preferin\u021belor utilizatorilor \u0219i implementarea sistemului [&hellip;]","og_url":"https:\/\/www.panoramapanzio.ro\/index.php\/ro\/politica-de-utilizare-cookies\/","og_site_name":"Panor\u00e1ma Panzi\u00f3","article_modified_time":"2019-04-22T06:58:38+00:00","twitter_card":"summary_large_image","twitter_misc":{"Becs\u00fclt olvas\u00e1si id\u0151":"1 perc"},"schema":{"@context":"https:\/\/schema.org","@graph":[{"@type":"WebPage","@id":"https:\/\/www.panoramapanzio.ro\/index.php\/ro\/politica-de-utilizare-cookies\/","url":"https:\/\/www.panoramapanzio.ro\/index.php\/ro\/politica-de-utilizare-cookies\/","name":"Politica de utilizare Cookies - Panor\u00e1ma Panzi\u00f3","isPartOf":{"@id":"https:\/\/www.panoramapanzio.ro\/#website"},"datePublished":"2019-04-22T06:55:06+00:00","dateModified":"2019-04-22T06:58:38+00:00","breadcrumb":{"@id":"https:\/\/www.panoramapanzio.ro\/index.php\/ro\/politica-de-utilizare-cookies\/#breadcrumb"},"inLanguage":"hu","potentialAction":[{"@type":"ReadAction","target":["https:\/\/www.panoramapanzio.ro\/index.php\/ro\/politica-de-utilizare-cookies\/"]}]},{"@type":"BreadcrumbList","@id":"https:\/\/www.panoramapanzio.ro\/index.php\/ro\/politica-de-utilizare-cookies\/#breadcrumb","itemListElement":[{"@type":"ListItem","position":1,"name":"Home","item":"https:\/\/www.panoramapanzio.ro\/index.php\/en\/home\/"},{"@type":"ListItem","position":2,"name":"Politica de utilizare Cookies"}]},{"@type":"WebSite","@id":"https:\/\/www.panoramapanzio.ro\/#website","url":"https:\/\/www.panoramapanzio.ro\/","name":"Panor\u00e1ma Panzi\u00f3","description":"Confort &amp; Relaxation","potentialAction":[{"@type":"SearchAction","target":{"@type":"EntryPoint","urlTemplate":"https:\/\/www.panoramapanzio.ro\/?s={search_term_string}"},"query-input":{"@type":"PropertyValueSpecification","valueRequired":true,"valueName":"search_term_string"}}],"inLanguage":"hu"}]}},"_links":{"self":[{"href":"https:\/\/www.panoramapanzio.ro\/index.php\/wp-json\/wp\/v2\/pages\/542","targetHints":{"allow":["GET"]}}],"collection":[{"href":"https:\/\/www.panoramapanzio.ro\/index.php\/wp-json\/wp\/v2\/pages"}],"about":[{"href":"https:\/\/www.panoramapanzio.ro\/index.php\/wp-json\/wp\/v2\/types\/page"}],"author":[{"embeddable":true,"href":"https:\/\/www.panoramapanzio.ro\/index.php\/wp-json\/wp\/v2\/users\/1"}],"replies":[{"embeddable":true,"href":"https:\/\/www.panoramapanzio.ro\/index.php\/wp-json\/wp\/v2\/comments?post=542"}],"version-history":[{"count":2,"href":"https:\/\/www.panoramapanzio.ro\/index.php\/wp-json\/wp\/v2\/pages\/542\/revisions"}],"predecessor-version":[{"id":545,"href":"https:\/\/www.panoramapanzio.ro\/index.php\/wp-json\/wp\/v2\/pages\/542\/revisions\/545"}],"wp:attachment":[{"href":"https:\/\/www.panoramapanzio.ro\/index.php\/wp-json\/wp\/v2\/media?parent=542"}],"curies":[{"name":"wp","href":"https:\/\/api.w.org\/{rel}","templated":true}]}}