{"id":562,"date":"2019-04-22T09:51:27","date_gmt":"2019-04-22T07:51:27","guid":{"rendered":"http:\/\/www.panoramapanzio.ro\/?page_id=562"},"modified":"2019-04-22T09:56:11","modified_gmt":"2019-04-22T07:56:11","slug":"adatkezelesi-tajekoztato-2","status":"publish","type":"page","link":"https:\/\/www.panoramapanzio.ro\/index.php\/adatkezelesi-tajekoztato-2\/","title":{"rendered":"Adatkezel\u00e9si t\u00e1j\u00e9koztat\u00f3"},"content":{"rendered":"<p>A DEVELO-CONSULT Kft, mint Adatkezel\u0151 az \u00e1ltala \u00fczemeltetett <a href=\"https:\/\/www.panoramapanzio.ro\">www.panoramapanzio.ro<\/a> weboldal szolg\u00e1ltat\u00e1saihoz kapcsol\u00f3d\u00f3an a felhaszn\u00e1l\u00f3 term\u00e9szetes szem\u00e9lyek valamennyi adatkezel\u00e9se sor\u00e1n a jelen Adatkezel\u00e9si t\u00e1j\u00e9koztat\u00f3 alapj\u00e1n j\u00e1r el.<\/p>\n<p>A weboldal haszn\u00e1lat\u00e1val, valamely szolg\u00e1ltat\u00e1s\u00e1nak, alkalmaz\u00e1s\u00e1nak ig\u00e9nybev\u00e9tel\u00e9vel a felhaszn\u00e1l\u00f3k hozz\u00e1j\u00e1rulnak ahhoz, hogy szem\u00e9lyes adataik kezel\u00e9s\u00e9re a jelen Adatkezel\u00e9si t\u00e1j\u00e9koztat\u00f3 rendelkez\u00e9sei szerint ker\u00fclj\u00f6n sor.<\/p>\n<h4>Az adatkezel\u0151 \u00e9s adatfeldolgoz\u00f3 adatai<\/h4>\n<ul>\n<li>N\u00e9v: DEVELO-CONSULT Kft.<\/li>\n<li>C\u00edm: 535600, Sz\u00e9kelyudvarhely, M\u00f3ricz Zsigmond u. 76, Rom\u00e1nia<\/li>\n<li>Telefon: +40 266 212 345<\/li>\n<\/ul>\n<h4><strong>Adatkezel\u00e9s c\u00e9lja<\/strong><\/h4>\n<p>Adatkezel\u0151 a Vend\u00e9gek szem\u00e9lyes adatait a k\u00f6vetkez\u0151 c\u00e9lokb\u00f3l kezeli:<\/p>\n<ol>\n<li>Els\u0151dlegesen a Vend\u00e9gh\u00e1zba t\u00f6rt\u00e9n\u0151 foglal\u00e1s c\u00e9lj\u00e1b\u00f3l sz\u00fcks\u00e9ges bizonyos, a k\u00e9s\u0151bbiekben r\u00e9szletezett szem\u00e9lyes adatait megadni.<\/li>\n<li>Sz\u00fcks\u00e9g\u00fcnk van tov\u00e1bb\u00e1 szem\u00e9lyes adataira a sz\u00e1ll\u00e1sr\u00f3l t\u00f6rt\u00e9n\u0151 sz\u00e1mla ki\u00e1ll\u00edt\u00e1s\u00e1hoz.<\/li>\n<li>A foglal\u00e1ssal kapcsolatos kommunik\u00e1ci\u00f3 szempontj\u00e1b\u00f3l is fontos szem\u00e9lyes adatainak megad\u00e1sa, annak \u00e9rdek\u00e9ben, hogy ha b\u00e1rmilyen olyan l\u00e9nyeges k\u00f6r\u00fclm\u00e9ny bek\u00f6vetkezik, amir\u0151l sz\u00fcks\u00e9ges tudnia, arr\u00f3l t\u00e1j\u00e9koztatni tudjuk.<\/li>\n<\/ol>\n<h4><strong>Az adatkezel\u00e9s jogalapja<\/strong><\/h4>\n<p>Adatkezel\u0151 a vend\u00e9gek szem\u00e9lyes adatait az al\u00e1bbi jogalapb\u00f3l kezeli:<\/p>\n<p>Az 1. pontban foglalt c\u00e9l eset\u00e9ben a GDPR 6. cikk (1) bekezd\u00e9s b) pontja, vagyis olyan szerz\u0151d\u00e9s teljes\u00edt\u00e9se, amelyben a Vend\u00e9g, mint \u00e9rintett az egyik f\u00e9l.<\/p>\n<p>A 2. pontban foglalt c\u00e9l eset\u00e9ben a GDPR 6. cikk (1) bekezd\u00e9s c) pontja, vagyis az adatkezel\u0151re vonatkoz\u00f3 jogi k\u00f6telezetts\u00e9g teljes\u00edt\u00e9se, m\u00e9gpedig az adatkezel\u0151re h\u00e1rul\u00f3 bizonylat, sz\u00e1mla k\u00e9sz\u00edt\u00e9si k\u00f6telezetts\u00e9g.<\/p>\n<p>A 3. pontban foglalt c\u00e9l eset\u00e9ben a GDPR 6. cikk (1) bekezd\u00e9s a) pontja alapj\u00e1n t\u00f6rt\u00e9nik az adatok kezel\u00e9se, annak \u00e9rdek\u00e9ben, hogy a szerz\u0151d\u00e9ses jogviszonyb\u00f3l ered\u0151 l\u00e9nyeges k\u00f6r\u00fclm\u00e9nyekr\u0151l megfelel\u0151en t\u00e1j\u00e9koztatni tudjuk.<\/p>\n<h4>A kezelt adatok k\u00f6re<\/h4>\n<p>A felhaszn\u00e1l\u00f3k az aj\u00e1nlatk\u00e9r\u00e9s \u00e9s foglal\u00e1s sor\u00e1n k\u00f6telez\u0151en az al\u00e1bbi adatok adj\u00e1k meg: n\u00e9v, c\u00e9gn\u00e9v, c\u00edm, telefonsz\u00e1m, e-mail c\u00edm. Vend\u00e9gk\u00f6nyvben t\u00f6rt\u00e9n\u0151 v\u00e9lem\u00e9nynyilv\u00e1n\u00edt\u00e1s sor\u00e1n: n\u00e9v, e-mail c\u00edm. A megadott szem\u00e9lyes adatokat harmadik f\u00e9lnek nem adjuk ki, kiv\u00e9telt k\u00e9peznek a t\u00f6rv\u00e9ny \u00e1ltal el\u0151\u00edrt hat\u00f3s\u00e1gi szervek.<\/p>\n<p>Jogszab\u00e1lyi k\u00f6telezetts\u00e9geinknek eleget t\u00e9ve vend\u00e9gnyilv\u00e1ntart\u00f3 k\u00f6nyv\u00fcnkben az al\u00e1bbi adatokat szerepeltetj\u00fck: n\u00e9v, szem\u00e9lyi igazolv\u00e1ny sz\u00e1m, sz\u00fclet\u00e9si hely, sz\u00fclet\u00e9si id\u0151, lakc\u00edm, sz\u00e1ll\u00e1shelyre \u00e9rkez\u00e9s \u00e9s t\u00e1voz\u00e1s d\u00e1tuma. A szem\u00e9lyes adatok val\u00f3dis\u00e1g\u00e1\u00e9rt, pontoss\u00e1g\u00e1\u00e9rt kiz\u00e1r\u00f3lag a felhaszn\u00e1l\u00f3k tartoznak felel\u0151ss\u00e9ggel.<\/p>\n<h4>Az adatkezel\u00e9s id\u0151tartama<\/h4>\n<p>A felhaszn\u00e1l\u00f3k \u00e1ltal \u00f6nk\u00e9ntesen megadott adatokat a t\u00f6rv\u00e9nyes el\u0151\u00edr\u00e1soknak megfelel\u0151 ideig vagyunk jogosultak kezelni.<\/p>\n<p>A kamer\u00e1k felv\u00e9teleit 30 nap ut\u00e1n automatikusan t\u00f6r\u00fclj\u00fck.<\/p>\n<h4><strong>A Vend\u00e9g jogai \u00e9s jog\u00e9rv\u00e9nyes\u00edt\u00e9si lehet\u0151s\u00e9gei<\/strong><\/h4>\n<ol>\n<li>A Vend\u00e9g jogosult arra, hogy az adatkezel\u0151t\u0151l visszajelz\u00e9st kapjon arra n\u00e9zve, hogy szem\u00e9lyes adatainak kezel\u00e9se folyamatban van-e, \u00e9s ha folyamatban van, akkor t\u00e1j\u00e9koztat\u00e1st kapjon a kezelt adatair\u00f3l, \u00e9s az adatkezel\u00e9st \u00e9rint\u0151 minden relev\u00e1ns inform\u00e1ci\u00f3r\u00f3l.<\/li>\n<li>A Vend\u00e9g k\u00e9rheti, hogy adatkezel\u0151 indokolatlan k\u00e9sedelem n\u00e9lk\u00fcl helyesb\u00edtse a r\u00e1 vonatkoz\u00f3 pontatlan szem\u00e9lyes adatokat. Figyelembe v\u00e9ve az adatkezel\u00e9s c\u00e9lj\u00e1t k\u00e9rheti szem\u00e9lyes adatainak kieg\u00e9sz\u00edt\u00e9s\u00e9t.<\/li>\n<li>\u00d6n k\u00e9rheti szem\u00e9lyes adatainak t\u00f6rl\u00e9s\u00e9t, kiv\u00e9ve, ha az adatkezel\u00e9s sz\u00fcks\u00e9ges az adatkezel\u0151 jogi k\u00f6telezetts\u00e9geinek teljes\u00edt\u00e9s\u00e9hez vagy jogi ig\u00e9nyek el\u0151terjeszt\u00e9s\u00e9hez, \u00e9rv\u00e9nyes\u00edt\u00e9s\u00e9hez, illetve v\u00e9delm\u00e9hez. Adatkezel\u0151 a szem\u00e9lyes adatot indokolatlan k\u00e9sedelem n\u00e9lk\u00fcl t\u00f6rli, ha az adat kezel\u00e9se jogellenes, az hi\u00e1nyos, vagy t\u00e9ves, az adatkezel\u00e9s c\u00e9lja megsz\u0171nt, vagy a t\u00e1rol\u00e1s hat\u00e1rideje lej\u00e1rt, illetve azt b\u00edr\u00f3s\u00e1g vagy hat\u00f3s\u00e1g elrendelte, illetve t\u00f6rl\u00e9se az adatkezel\u0151re vonatkoz\u00f3, jogszab\u00e1lyban foglalt k\u00f6telezetts\u00e9g teljes\u00edt\u00e9s\u00e9hez sz\u00fcks\u00e9ges.<\/li>\n<li>Ha az adatkezel\u0151 szem\u00e9lyes adatot az \u00e9rintett hozz\u00e1j\u00e1rul\u00e1sa folyt\u00e1n kezel, az \u00e9rintett ezen hozz\u00e1j\u00e1rul\u00e1s\u00e1t visszavonhatja. Amennyiben az adatkezel\u00e9snek nincs m\u00e1s jogalapja, az adatkezel\u0151 a visszavont hozz\u00e1j\u00e1rul\u00e1ssal \u00e9rintett szem\u00e9lyes adatot t\u00f6rli.<\/li>\n<li>A Vend\u00e9g jogosult arra, hogy k\u00e9r\u00e9s\u00e9re adatkezel\u0151 korl\u00e1tozza az adatkezel\u00e9st, ha<\/li>\n<\/ol>\n<ul>\n<li>a Vend\u00e9g vitatja a szem\u00e9lyes adatok pontoss\u00e1g\u00e1t \u2013 a pontoss\u00e1g ellen\u0151rz\u00e9s\u00e9hez sz\u00fcks\u00e9ges ideig;<\/li>\n<li>az adatkezel\u00e9s jogellenes, de a Vend\u00e9g ellenzi az adatok t\u00f6rl\u00e9s\u00e9t \u00e9s a felhaszn\u00e1l\u00e1s korl\u00e1toz\u00e1s\u00e1t k\u00e9ri;<\/li>\n<li>adatkezel\u0151nek m\u00e1r nincs sz\u00fcks\u00e9ge a szem\u00e9lyes adatokra adatkezel\u00e9s c\u00e9lj\u00e1b\u00f3l, de az \u00e9rintett ig\u00e9nyli azokat jogi ig\u00e9ny\u00e9nek el\u0151terjeszt\u00e9s\u00e9hez, \u00e9rv\u00e9nyes\u00edt\u00e9s\u00e9hez vagy v\u00e9delm\u00e9hez; vagy<\/li>\n<li>az \u00e9rintett tiltakozik adatainak k\u00f6z\u00e9rdekb\u0151l vagy az adatkezel\u0151, illetve harmadik szem\u00e9ly jogos \u00e9rdek\u00e9n alapul\u00f3 kezel\u00e9se ellen.<\/li>\n<li>A korl\u00e1toz\u00e1s ideje alatt az adatkezel\u0151 a szem\u00e9lyes adatokat a t\u00e1rol\u00e1son k\u00edv\u00fcl m\u00e1s c\u00e9lra nem haszn\u00e1lhatj\u00e1k.<\/li>\n<\/ul>\n<ol>\n<li>A Vend\u00e9g jogainak gyakorl\u00e1sa eset\u00e9n adatkezel\u0151 megvizsg\u00e1lja az \u00e9rintett k\u00e9relm\u00e9t, \u00e9s a sz\u00fcks\u00e9ges int\u00e9zked\u00e9seket megteszi, \u00e9s ezekr\u0151l, illetve ezek elmarad\u00e1s\u00e1nak indokair\u00f3l a k\u00e9relem k\u00e9zhezv\u00e9tel\u00e9t k\u00f6vet\u0151 egy h\u00f3napon bel\u00fcl t\u00e1j\u00e9koztatja a Vend\u00e9get.<\/li>\n<li>Jog\u00e9rv\u00e9nyes\u00edt\u00e9s: A felhaszn\u00e1l\u00f3k jogs\u00e9rt\u00e9s eset\u00e9n jogorvoslat\u00e9rt fordulhatnak a Autoritatea Na\u021bional\u0103 de Supraveghere a Prelucr\u0103rii Datelor cu Caracter Personal: B-dul G-ral. Gheorghe Magheru 28-30, Sector 1, cod postal 010336, Bucure\u0219ti,\u00a0Romania, +40.318.059.211, +40.318.059.212, <a href=\"http:\/\/www.dataprotection.ro\" target=\"_blank\" rel=\"noopener noreferrer\">www.dataprotection.ro<\/a><\/li>\n<\/ol>\n<h4>Az adatkezel\u00e9si t\u00e1j\u00e9koztat\u00f3 m\u00f3dos\u00edt\u00e1sa<\/h4>\n<p>Fenntartjuk a jogot, hogy jelen adatkezel\u00e9si szab\u00e1lyzatot a felhaszn\u00e1l\u00f3k \u00e9rtes\u00edt\u00e9se mellett egyoldal\u00faan m\u00f3dos\u00edtsuk. A felhaszn\u00e1l\u00f3k a szolg\u00e1ltat\u00e1snak a m\u00f3dos\u00edt\u00e1s hat\u00e1lybal\u00e9p\u00e9s\u00e9t k\u00f6vet\u0151 haszn\u00e1lat\u00e1val elfogadj\u00e1k a m\u00f3dos\u00edtott adatkezel\u00e9si szab\u00e1lyzatot.<\/p>\n","protected":false},"excerpt":{"rendered":"<p>A DEVELO-CONSULT Kft, mint Adatkezel\u0151 az \u00e1ltala \u00fczemeltetett www.panoramapanzio.ro weboldal szolg\u00e1ltat\u00e1saihoz kapcsol\u00f3d\u00f3an a felhaszn\u00e1l\u00f3 term\u00e9szetes szem\u00e9lyek valamennyi adatkezel\u00e9se sor\u00e1n a jelen Adatkezel\u00e9si t\u00e1j\u00e9koztat\u00f3 alapj\u00e1n j\u00e1r el. A weboldal haszn\u00e1lat\u00e1val, valamely szolg\u00e1ltat\u00e1s\u00e1nak, alkalmaz\u00e1s\u00e1nak ig\u00e9nybev\u00e9tel\u00e9vel a felhaszn\u00e1l\u00f3k hozz\u00e1j\u00e1rulnak ahhoz, hogy szem\u00e9lyes adataik kezel\u00e9s\u00e9re a jelen Adatkezel\u00e9si t\u00e1j\u00e9koztat\u00f3 rendelkez\u00e9sei szerint ker\u00fclj\u00f6n sor. Az adatkezel\u0151 \u00e9s adatfeldolgoz\u00f3 adatai N\u00e9v: [&hellip;]<\/p>\n","protected":false},"author":1,"featured_media":0,"parent":0,"menu_order":0,"comment_status":"closed","ping_status":"open","template":"","meta":{"footnotes":""},"class_list":["post-562","page","type-page","status-publish","hentry"],"yoast_head":"<!-- This site is optimized with the Yoast SEO plugin v25.9 - https:\/\/yoast.com\/wordpress\/plugins\/seo\/ -->\n<title>Adatkezel\u00e9si t\u00e1j\u00e9koztat\u00f3 - Panor\u00e1ma Panzi\u00f3<\/title>\n<meta name=\"robots\" content=\"index, follow, max-snippet:-1, max-image-preview:large, max-video-preview:-1\" \/>\n<link rel=\"canonical\" href=\"https:\/\/www.panoramapanzio.ro\/index.php\/adatkezelesi-tajekoztato-2\/\" \/>\n<meta property=\"og:locale\" content=\"hu_HU\" \/>\n<meta property=\"og:type\" content=\"article\" \/>\n<meta property=\"og:title\" content=\"Adatkezel\u00e9si t\u00e1j\u00e9koztat\u00f3 - Panor\u00e1ma Panzi\u00f3\" \/>\n<meta property=\"og:description\" content=\"A DEVELO-CONSULT Kft, mint Adatkezel\u0151 az \u00e1ltala \u00fczemeltetett www.panoramapanzio.ro weboldal szolg\u00e1ltat\u00e1saihoz kapcsol\u00f3d\u00f3an a felhaszn\u00e1l\u00f3 term\u00e9szetes szem\u00e9lyek valamennyi adatkezel\u00e9se sor\u00e1n a jelen Adatkezel\u00e9si t\u00e1j\u00e9koztat\u00f3 alapj\u00e1n j\u00e1r el. A weboldal haszn\u00e1lat\u00e1val, valamely szolg\u00e1ltat\u00e1s\u00e1nak, alkalmaz\u00e1s\u00e1nak ig\u00e9nybev\u00e9tel\u00e9vel a felhaszn\u00e1l\u00f3k hozz\u00e1j\u00e1rulnak ahhoz, hogy szem\u00e9lyes adataik kezel\u00e9s\u00e9re a jelen Adatkezel\u00e9si t\u00e1j\u00e9koztat\u00f3 rendelkez\u00e9sei szerint ker\u00fclj\u00f6n sor. Az adatkezel\u0151 \u00e9s adatfeldolgoz\u00f3 adatai N\u00e9v: [&hellip;]\" \/>\n<meta property=\"og:url\" content=\"https:\/\/www.panoramapanzio.ro\/index.php\/adatkezelesi-tajekoztato-2\/\" \/>\n<meta property=\"og:site_name\" content=\"Panor\u00e1ma Panzi\u00f3\" \/>\n<meta property=\"article:modified_time\" content=\"2019-04-22T07:56:11+00:00\" \/>\n<meta name=\"twitter:card\" content=\"summary_large_image\" \/>\n<meta name=\"twitter:label1\" content=\"Becs\u00fclt olvas\u00e1si id\u0151\" \/>\n\t<meta name=\"twitter:data1\" content=\"6 perc\" \/>\n<script type=\"application\/ld+json\" class=\"yoast-schema-graph\">{\"@context\":\"https:\/\/schema.org\",\"@graph\":[{\"@type\":\"WebPage\",\"@id\":\"https:\/\/www.panoramapanzio.ro\/index.php\/adatkezelesi-tajekoztato-2\/\",\"url\":\"https:\/\/www.panoramapanzio.ro\/index.php\/adatkezelesi-tajekoztato-2\/\",\"name\":\"Adatkezel\u00e9si t\u00e1j\u00e9koztat\u00f3 - Panor\u00e1ma Panzi\u00f3\",\"isPartOf\":{\"@id\":\"https:\/\/www.panoramapanzio.ro\/#website\"},\"datePublished\":\"2019-04-22T07:51:27+00:00\",\"dateModified\":\"2019-04-22T07:56:11+00:00\",\"breadcrumb\":{\"@id\":\"https:\/\/www.panoramapanzio.ro\/index.php\/adatkezelesi-tajekoztato-2\/#breadcrumb\"},\"inLanguage\":\"hu\",\"potentialAction\":[{\"@type\":\"ReadAction\",\"target\":[\"https:\/\/www.panoramapanzio.ro\/index.php\/adatkezelesi-tajekoztato-2\/\"]}]},{\"@type\":\"BreadcrumbList\",\"@id\":\"https:\/\/www.panoramapanzio.ro\/index.php\/adatkezelesi-tajekoztato-2\/#breadcrumb\",\"itemListElement\":[{\"@type\":\"ListItem\",\"position\":1,\"name\":\"Home\",\"item\":\"https:\/\/www.panoramapanzio.ro\/index.php\/en\/home\/\"},{\"@type\":\"ListItem\",\"position\":2,\"name\":\"Adatkezel\u00e9si t\u00e1j\u00e9koztat\u00f3\"}]},{\"@type\":\"WebSite\",\"@id\":\"https:\/\/www.panoramapanzio.ro\/#website\",\"url\":\"https:\/\/www.panoramapanzio.ro\/\",\"name\":\"Panor\u00e1ma Panzi\u00f3\",\"description\":\"Confort &amp; Relaxation\",\"potentialAction\":[{\"@type\":\"SearchAction\",\"target\":{\"@type\":\"EntryPoint\",\"urlTemplate\":\"https:\/\/www.panoramapanzio.ro\/?s={search_term_string}\"},\"query-input\":{\"@type\":\"PropertyValueSpecification\",\"valueRequired\":true,\"valueName\":\"search_term_string\"}}],\"inLanguage\":\"hu\"}]}<\/script>\n<!-- \/ Yoast SEO plugin. -->","yoast_head_json":{"title":"Adatkezel\u00e9si t\u00e1j\u00e9koztat\u00f3 - Panor\u00e1ma Panzi\u00f3","robots":{"index":"index","follow":"follow","max-snippet":"max-snippet:-1","max-image-preview":"max-image-preview:large","max-video-preview":"max-video-preview:-1"},"canonical":"https:\/\/www.panoramapanzio.ro\/index.php\/adatkezelesi-tajekoztato-2\/","og_locale":"hu_HU","og_type":"article","og_title":"Adatkezel\u00e9si t\u00e1j\u00e9koztat\u00f3 - Panor\u00e1ma Panzi\u00f3","og_description":"A DEVELO-CONSULT Kft, mint Adatkezel\u0151 az \u00e1ltala \u00fczemeltetett www.panoramapanzio.ro weboldal szolg\u00e1ltat\u00e1saihoz kapcsol\u00f3d\u00f3an a felhaszn\u00e1l\u00f3 term\u00e9szetes szem\u00e9lyek valamennyi adatkezel\u00e9se sor\u00e1n a jelen Adatkezel\u00e9si t\u00e1j\u00e9koztat\u00f3 alapj\u00e1n j\u00e1r el. A weboldal haszn\u00e1lat\u00e1val, valamely szolg\u00e1ltat\u00e1s\u00e1nak, alkalmaz\u00e1s\u00e1nak ig\u00e9nybev\u00e9tel\u00e9vel a felhaszn\u00e1l\u00f3k hozz\u00e1j\u00e1rulnak ahhoz, hogy szem\u00e9lyes adataik kezel\u00e9s\u00e9re a jelen Adatkezel\u00e9si t\u00e1j\u00e9koztat\u00f3 rendelkez\u00e9sei szerint ker\u00fclj\u00f6n sor. Az adatkezel\u0151 \u00e9s adatfeldolgoz\u00f3 adatai N\u00e9v: [&hellip;]","og_url":"https:\/\/www.panoramapanzio.ro\/index.php\/adatkezelesi-tajekoztato-2\/","og_site_name":"Panor\u00e1ma Panzi\u00f3","article_modified_time":"2019-04-22T07:56:11+00:00","twitter_card":"summary_large_image","twitter_misc":{"Becs\u00fclt olvas\u00e1si id\u0151":"6 perc"},"schema":{"@context":"https:\/\/schema.org","@graph":[{"@type":"WebPage","@id":"https:\/\/www.panoramapanzio.ro\/index.php\/adatkezelesi-tajekoztato-2\/","url":"https:\/\/www.panoramapanzio.ro\/index.php\/adatkezelesi-tajekoztato-2\/","name":"Adatkezel\u00e9si t\u00e1j\u00e9koztat\u00f3 - Panor\u00e1ma Panzi\u00f3","isPartOf":{"@id":"https:\/\/www.panoramapanzio.ro\/#website"},"datePublished":"2019-04-22T07:51:27+00:00","dateModified":"2019-04-22T07:56:11+00:00","breadcrumb":{"@id":"https:\/\/www.panoramapanzio.ro\/index.php\/adatkezelesi-tajekoztato-2\/#breadcrumb"},"inLanguage":"hu","potentialAction":[{"@type":"ReadAction","target":["https:\/\/www.panoramapanzio.ro\/index.php\/adatkezelesi-tajekoztato-2\/"]}]},{"@type":"BreadcrumbList","@id":"https:\/\/www.panoramapanzio.ro\/index.php\/adatkezelesi-tajekoztato-2\/#breadcrumb","itemListElement":[{"@type":"ListItem","position":1,"name":"Home","item":"https:\/\/www.panoramapanzio.ro\/index.php\/en\/home\/"},{"@type":"ListItem","position":2,"name":"Adatkezel\u00e9si t\u00e1j\u00e9koztat\u00f3"}]},{"@type":"WebSite","@id":"https:\/\/www.panoramapanzio.ro\/#website","url":"https:\/\/www.panoramapanzio.ro\/","name":"Panor\u00e1ma Panzi\u00f3","description":"Confort &amp; Relaxation","potentialAction":[{"@type":"SearchAction","target":{"@type":"EntryPoint","urlTemplate":"https:\/\/www.panoramapanzio.ro\/?s={search_term_string}"},"query-input":{"@type":"PropertyValueSpecification","valueRequired":true,"valueName":"search_term_string"}}],"inLanguage":"hu"}]}},"_links":{"self":[{"href":"https:\/\/www.panoramapanzio.ro\/index.php\/wp-json\/wp\/v2\/pages\/562","targetHints":{"allow":["GET"]}}],"collection":[{"href":"https:\/\/www.panoramapanzio.ro\/index.php\/wp-json\/wp\/v2\/pages"}],"about":[{"href":"https:\/\/www.panoramapanzio.ro\/index.php\/wp-json\/wp\/v2\/types\/page"}],"author":[{"embeddable":true,"href":"https:\/\/www.panoramapanzio.ro\/index.php\/wp-json\/wp\/v2\/users\/1"}],"replies":[{"embeddable":true,"href":"https:\/\/www.panoramapanzio.ro\/index.php\/wp-json\/wp\/v2\/comments?post=562"}],"version-history":[{"count":2,"href":"https:\/\/www.panoramapanzio.ro\/index.php\/wp-json\/wp\/v2\/pages\/562\/revisions"}],"predecessor-version":[{"id":565,"href":"https:\/\/www.panoramapanzio.ro\/index.php\/wp-json\/wp\/v2\/pages\/562\/revisions\/565"}],"wp:attachment":[{"href":"https:\/\/www.panoramapanzio.ro\/index.php\/wp-json\/wp\/v2\/media?parent=562"}],"curies":[{"name":"wp","href":"https:\/\/api.w.org\/{rel}","templated":true}]}}